lculate w(-118).
-644
Let l(y) = -5*y**2 - 369*y - 196. Give l(-73).
96
Let y(u) = 4*u**3 + 13*u**2 - 168*u - 370. Determine y(-2).
-14
Let q(c) = -5*c**3 + 1791*c**2 + 3250*c - 3535. Determine q(360).
65
Let w(f) = -3*f**3 - 445*f**2 - 3109*f - 507637. Determine w(-149).
6
Let m(a) = -a**2 + 49*a - 70. Give m(65).
-1110
Let s(d) = d**2 - 613*d + 93400. Give s(279).
214
Let n(p) = 17*p**2 - 1239*p - 519. Give n(73).
-373
Let o(y) = -y**3 - 40*y**2 + 626*y + 25908. Calculate o(-39).
-27
Let i(n) = -99*n**3 + 41*n**2 - 63*n + 27. Calculate i(1).
-94
Let f(k) = -168*k - 5873. Give f(-43).
1351
Let t(u) = u**2 + 1911*u - 108141. Give t(55).
-11
Let l(z) = -208678*z + 7512397. Determine l(36).
-11
Let k(a) = a**3 - 8*a**2 - 381*a + 1988. What is k(5)?
8
Let z(m) = 29*m**2 - 3889*m + 11655. Give z(3).
249
Let r(s) = 23*s**2 - 4592*s - 2280. What is r(200)?
-680
Let i(f) = 3*f**3 + 8*f**2 - 38*f - 27. Determine i(-7).
-398
Let p(v) = 4*v**3 - 244*v**2 - 462*v - 142. Determine p(63).
2504
Let s(q) = -q**3 + 123*q**2 + 1967*q - 6609. Give s(137).
104
Let b(w) = 291*w - 70614. Give b(244).
390
Let c(s) = -143*s**2 - 441*s + 37. Calculate c(-3).
73
Let w(d) = -9*d**2 + 82*d - 20. Determine w(9).
-11
Let s(g) = 15*g**3 - 34*g**2 + 98*g - 279. What is s(3)?
114
Let a(h) = -770*h - 14525. Calculate a(-18).
-665
Let y(c) = -5*c**2 + 465*c + 5747. Calculate y(-11).
27
Let t(z) = -z**3 + 25*z**2 + 1667*z - 46288. What is t(34)?
-14
Let j(y) = 10*y - 1417. Give j(74).
-677
Let n(g) = -g**3 + 1999*g**2 + 20096*g + 40. Give n(-10).
-20
Let j(r) = 30119*r + 572261. Give j(-19).
0
Let n(v) = v**3 - 5*v**2 + 56*v - 331. Calculate n(5).
-51
Let j(c) = c**2 - 70*c - 1126. What is j(82)?
-142
Let x(p) = 64413*p + 515315. Calculate x(-8).
11
Let z(r) = -306*r**2 - 4277*r + 95. Give z(-14).
-3
Let b(t) = 2642*t - 73965. Determine b(28).
11
Let j(p) = -p**3 + 326*p**2 + 947*p - 95447. Give j(328).
1
Let o(p) = -p**3 - 59*p**2 - 66*p - 751. Calculate o(-58).
-287
Let y(g) = -4863*g**2 + 464*g - 461. What is y(1)?
-4860
Let k(f) = -12*f**3 - 11*f**2 - 142*f - 1451. Calculate k(-9).
7684
Let q(h) = 25637*h + 101850. What is q(-4)?
-698
Let u(i) = -1334*i + 222777. What is u(167)?
-1
Let m(o) = -2306*o + 2382. Determine m(1).
76
Let z(g) = 2354*g - 127297. Calculate z(54).
-181
Let p(y) = -y**3 - 458*y**2 - 9590*y + 1. Give p(-22).
-43
Let v(i) = 79962*i - 79824. Give v(1).
138
Let w(k) = 3*k**2 + 183*k + 184. Determine w(-1).
4
Let v(i) = 155*i - 8737. Calculate v(74).
2733
Let u(y) = 28*y**2 - 22215*y - 111108. What is u(-5)?
667
Let u(s) = 2*s**2 + 333*s - 47455. Determine u(-258).
-241
Let m(h) = 77*h**2 + 998*h - 18. Determine m(-13).
21
Let p(n) = 24*n**3 - 9933*n**2 - 1200*n - 17382. Determine p(414).
6
Let i(k) = -979101*k + 6853708. What is i(7)?
1
Let n(d) = 4*d**2 + 339*d + 1722. Give n(-5).
127
Let i(v) = -2853*v + 79935. What is i(28)?
51
Let d(l) = -4*l**2 + 5852*l + 106698. Give d(-18).
66
Let x(w) = 3754*w - 4345. Give x(1).
-591
Let q(n) = -198*n - 3788. What is q(-17)?
-422
Let q(j) = -51388*j + 154178. Calculate q(3).
14
Let p(z) = 2*z**2 - 69*z + 658. Give p(16).
66
Let h(w) = -1393*w - 17002. What is h(-12)?
-286
Let m(a) = -7*a**3 + 132*a**2 + 27*a + 98. Give m(19).
250
Let g(p) = 1270*p + 22910. Determine g(-18).
50
Let d(k) = 1492*k - 213330. What is d(143)?
26
Let i(s) = -58*s - 35. Give i(-5).
255
Let t(r) = -36*r - 2143. Determine t(-52).
-271
Let f(p) = 2710*p - 48796. Calculate f(18).
-16
Let y(h) = -17*h**2 + 642*h + 1598. Determine y(40).
78
Let i(a) = 4515*a - 49631. Give i(11).
34
Let j(g) = 349*g + 110279. What is j(-316)?
-5
Let u(y) = y**2 + 51377*y - 154146. Determine u(3).
-6
Let o(l) = 3*l**3 - 223*l**2 + 40*l - 323. Calculate o(74).
-2839
Let u(i) = -127786*i - 127781. What is u(-1)?
5
Let g(a) = 2668*a - 274925. What is g(103)?
-121
Let a(k) = 2*k**2 + 213*k + 8678. Calculate a(-56).
3022
Let s(d) = -2*d**3 + 41*d**2 + 453*d - 721. Calculate s(28).
203
Let j(n) = n**3 - 961*n**2 + 16999*n - 23530. What is j(943)?
45
Let b(r) = -r**2 - 956*r + 62002. Determine b(61).
-35
Let a(l) = -170083*l + 1700828. What is a(10)?
-2
Let w(q) = 1518*q + 9966. Give w(-7).
-660
Let x(v) = 4810*v + 28804. What is x(-6)?
-56
Let u(y) = 373562*y + 6. Calculate u(0).
6
Let j(x) = 37*x**2 + 520*x - 2607. Give j(5).
918
Let c(l) = -1739945*l - 19139394. Give c(-11).
1
Let d(l) = 933*l + 53275. Calculate d(-55).
1960
Let b(i) = 3*i**3 + 6*i**2 - 54*i - 92. Calculate b(-5).
-47
Let j(q) = -q**3 - 27*q**2 - 50*q - 245. What is j(-30)?
3955
Let c(d) = d**3 + 85*d**2 - 3237*d - 278577. Calculate c(-58).
-3
Let c(q) = -6*q**2 - 468*q - 8227. Calculate c(-27).
35
Let d(n) = n**3 - 19*n**2 - 39*n - 56. What is d(21)?
7
Let l(c) = 2*c**2 - 316*c + 3302. Give l(11).
68
Let c(w) = 5*w**2 + 98*w + 341. Give c(-16).
53
Let f(n) = 1896*n - 530889. Determine f(280).
-9
Let p(y) = -35*y**2 - 376*y - 31. Give p(-13).
-1058
Let v(t) = -t**2 + 992*t + 22257. Calculate v(-22).
-51
Let c(q) = -4005*q - 96136. Calculate c(-24).
-16
Let c(y) = -27*y**3 + 429*y**2 - 2*y + 802. Give c(16).
2
Let l(b) = b**2 - 12940*b - 1107108. Determine l(-85).
17
Let y(n) = -209*n**2 - 433*n + 1696. Calculate y(2).
-6
Let b(i) = 224*i + 893. Give b(-4).
-3
Let y(h) = 35*h**2 - 305*h + 4. What is y(6)?
-566
Let v(i) = -979757*i - 9797517. Calculate v(-10).
53
Let n(l) = -5*l**3 + 10*l**2 + 50*l - 317. Determine n(5).
-442
Let z(i) = -120*i + 4133. Give z(37).
-307
Let k(o) = -o**3 + 9*o**2 + 985*o - 9045. What is k(9)?
-180
Let g(t) = -t**3 + 262*t**2 - 4852*t + 21. Give g(20).
-219
Let n(m) = -228*m - 19465. Give n(-98).
2879
Let i(f) = -391*f + 86. Give i(-1).
477
Let s(l) = -l**3 - 38*l**2 - 339*l + 195. Determine s(-16).
-13
Let d(n) = n**3 - 82*n**2 + 9*n - 1032. Give d(82).
-294
Let w(j) = -j**2 + 381*j - 7234. Determine w(361).
-14
Let p(v) = -6944*v + 48651. Calculate p(7).
43
Let p(s) = 6*s**2 + 4567*s - 448365. Determine p(88).
-5
Let l(n) = -36701*n - 11. What is l(0)?
-11
Let k(v) = -6540*v + 39243. Calculate k(6).
3
Let a(f) = -409*f + 717. What is a(3)?
-510
Let c(q) = 16309*q + 1369946. What is c(-84)?
-10
Let c(g) = -138*g**3 - 955*g**2 + 77*g - 8. What is c(-7)?
-8
Let j(f) = 1791*f + 1078172. Give j(-602).
-10
Let d(y) = -3307*y - 217905. What is d(-66)?
357
Let o(x) = 131*x**2 - 554*x - 34. Determine o(4).
-154
Let s(l) = 11168*l + 1250619. Give s(-112).
-197
Let a(g) = 221*g**2 - 135*g - 11. Give a(2).
603
Let y(k) = -519*k**2 - 709493*k - 27338. Give y(-1367).
2
Let a(j) = j**2 + 9886*j - 148530. Give a(15).
-15
Let k(n) = n**2 - 87*n + 1583. Give k(66).
197
Let y(a) = -17126*a + 582290. Calculate y(34).
6
Let c(t) = 137*t**2 - 848*t + 59. Determine c(7).
836
Let c(q) = 2*q**3 - 39*q**2 - 376*q + 7451. Give c(19).
-54
Let q(u) = 4*u**3 - 9*u**2 + 5146*u - 10282. Calculate q(2).
6
Let p(g) = -2*g**2 + 186*g + 6107. Give p(122).
-969
Let m(d) = 13*d**3 - 712*d**2 + 8416*d - 1181. What is m(17)?
-8
Let a(y) = -84449*y - 928938. Give a(-11).
1
Let d(m) = -12*m**3 + 56*m**2 - 26*m + 85. Calculate d(7).
-1469
Let s(y) = -4102*y + 1985426. Give s(484).
58
Let l(s) = -11*s**3 - 4*s**2 + 116*s + 119. Calculate l(-1).
10
Let b(x) = -x**3 + 11*x**2 + 81*x - 335. Give b(16).
-319
Let m(r) = -r**3 - 23*r**2 + 78*r - 329. Give m(-27).
481
Let x(v) = v**3 - 15*v**2 + 76*v - 83. What is x(13)?
567
Let b(i) = -i**2 + 33097*i + 1026969. What is b(-31)?
1
Let d(y) = y**3 - 83*y**2 + 39*y + 497. What is d(82)?
-3029
Let x(o) = -3*o**3 + 214*o**2 + 2907*o - 174. Determine x(83).
-8
Let m(s) = 14802*s + 236827. Give m(-16).
-5
Let d(l) = -1379*l + 341522. Give d(247).
909
Let p(x) = 30*x**2 + 9719*x - 423. Calculate p(-324).
-99
Let t(m) = -29*m**2 + 34*m - 1447. Calculate t(0).
-1447
Let l(w) = 13629*w + 272607. What is l(-20)?
27
Let z(r) = -1708*r**2 + 10263*r - 8. What is z(6)?
82
Let k(o) = -37541*o + 37269. Calculate k(1).
-272
Let k(v) = -14211*v - 11817. Give k(-1).
2394
Let g(m) = 28723*m + 4107392. Calculate g(-143).
3
Let h(r) = -26577*r + 505055. Determine h(19).
92
Let h(u) = -38*u**2 - 5586*u - 11018. Calculate h(-145).
2
Let h(g) = -5*g**3 + 5*g**2 - 107*g - 270. Determine h(-4).
558
Let z(h) = -165715*h + 10605750. Calculate z(64).
-10
Let a(b) = 28*b**3 + 3585*b**2 + 123*b - 64